{"id":1539,"date":"2016-11-03T17:11:54","date_gmt":"2016-11-03T16:11:54","guid":{"rendered":"http:\/\/www.chemins-chouettes.ch\/?page_id=1539"},"modified":"2016-11-13T22:08:24","modified_gmt":"2016-11-13T21:08:24","slug":"sections-non-revetues","status":"publish","type":"page","link":"https:\/\/www.chemins-chouettes.ch\/?page_id=1539&lang=fr","title":{"rendered":"Sections non rev\u00eatues"},"content":{"rendered":"<p>Pour satisfaire \u00e0 la demande de certains randonneurs, nous avons recens\u00e9 les sections des <em>\u00ab\u00a0Chemins chouettes\u00a0\u00bb<\/em> qui <strong>ne sont rev\u00eatues<br \/>\nni d\u2019enrob\u00e9s bitumineux, ni de<\/strong> <strong>b\u00e9ton<\/strong>.<\/p>\n<p>En\u00a0<span style=\"background-color: #00ff00;\"><strong> vert clair <\/strong><span style=\"background-color: #ffffff;\">, les sections non rev\u00eatues. En<\/span><span style=\"background-color: #ffffff;\">\u00a0<span style=\"background-color: #ff0000; color: #ffffff;\"><strong> rouge <\/strong><\/span>, les autres.<br \/>\n<\/span><\/span><\/p>\n<p>Cliquez sur les cartes pour les agrandir.<\/p>\n<table>\n<tbody>\n<tr>\n<td>\n<p><figure id=\"attachment_1545\" aria-describedby=\"caption-attachment-1545\" style=\"width: 290px\" class=\"wp-caption alignnone\"><a href=\"http:\/\/www.chemins-chouettes.ch\/wp-content\/uploads\/2016\/11\/CC-balade-1-non-revetue.png\" target=\"_blank\"><img loading=\"lazy\" decoding=\"async\" class=\"wp-image-1545 size-medium\" title=\"Cliquez sur les cartes pour les agrandir.\" src=\"http:\/\/www.chemins-chouettes.ch\/wp-content\/uploads\/2016\/11\/CC-balade-1-non-revetue-300x300.png\" width=\"300\" height=\"300\" srcset=\"https:\/\/www.chemins-chouettes.ch\/wp-content\/uploads\/2016\/11\/CC-balade-1-non-revetue-300x300.png 300w, https:\/\/www.chemins-chouettes.ch\/wp-content\/uploads\/2016\/11\/CC-balade-1-non-revetue-150x150.png 150w, https:\/\/www.chemins-chouettes.ch\/wp-content\/uploads\/2016\/11\/CC-balade-1-non-revetue-768x768.png 768w, https:\/\/www.chemins-chouettes.ch\/wp-content\/uploads\/2016\/11\/CC-balade-1-non-revetue.png 886w\" sizes=\"auto, (max-width: 300px) 100vw, 300px\" \/><\/a><figcaption id=\"caption-attachment-1545\" class=\"wp-caption-text\">Balade 1 \u2013 Autour du Seyon<\/figcaption><\/figure><\/td>\n<td>\n<p><figure id=\"attachment_1546\" aria-describedby=\"caption-attachment-1546\" style=\"width: 290px\" class=\"wp-caption alignnone\"><a href=\"http:\/\/www.chemins-chouettes.ch\/wp-content\/uploads\/2016\/11\/CC-balade-2-non-revetue.png\" target=\"_blank\"><img loading=\"lazy\" decoding=\"async\" class=\"wp-image-1546 size-medium\" title=\"Cliquez sur les cartes pour les agrandir.\" src=\"http:\/\/www.chemins-chouettes.ch\/wp-content\/uploads\/2016\/11\/CC-balade-2-non-revetue-300x300.png\" width=\"300\" height=\"300\" srcset=\"https:\/\/www.chemins-chouettes.ch\/wp-content\/uploads\/2016\/11\/CC-balade-2-non-revetue-300x300.png 300w, https:\/\/www.chemins-chouettes.ch\/wp-content\/uploads\/2016\/11\/CC-balade-2-non-revetue-150x150.png 150w, https:\/\/www.chemins-chouettes.ch\/wp-content\/uploads\/2016\/11\/CC-balade-2-non-revetue-768x768.png 768w, https:\/\/www.chemins-chouettes.ch\/wp-content\/uploads\/2016\/11\/CC-balade-2-non-revetue.png 886w\" sizes=\"auto, (max-width: 300px) 100vw, 300px\" \/><\/a><figcaption id=\"caption-attachment-1546\" class=\"wp-caption-text\">Balade 2 \u2013 Vers Chasseral<\/figcaption><\/figure><\/td>\n<td>\n<p><figure id=\"attachment_1547\" aria-describedby=\"caption-attachment-1547\" style=\"width: 290px\" class=\"wp-caption alignnone\"><a href=\"http:\/\/www.chemins-chouettes.ch\/wp-content\/uploads\/2016\/11\/CC-balade-3-non-revetue.png\" target=\"_blank\"><img loading=\"lazy\" decoding=\"async\" class=\"wp-image-1547 size-medium\" title=\"Cliquez sur les cartes pour les agrandir.\" src=\"http:\/\/www.chemins-chouettes.ch\/wp-content\/uploads\/2016\/11\/CC-balade-3-non-revetue-300x300.png\" width=\"300\" height=\"300\" srcset=\"https:\/\/www.chemins-chouettes.ch\/wp-content\/uploads\/2016\/11\/CC-balade-3-non-revetue-300x300.png 300w, https:\/\/www.chemins-chouettes.ch\/wp-content\/uploads\/2016\/11\/CC-balade-3-non-revetue-150x150.png 150w, https:\/\/www.chemins-chouettes.ch\/wp-content\/uploads\/2016\/11\/CC-balade-3-non-revetue-768x768.png 768w, https:\/\/www.chemins-chouettes.ch\/wp-content\/uploads\/2016\/11\/CC-balade-3-non-revetue.png 886w\" sizes=\"auto, (max-width: 300px) 100vw, 300px\" \/><\/a><figcaption id=\"caption-attachment-1547\" class=\"wp-caption-text\">Balade 3 \u2013 Les boviducs<\/figcaption><\/figure><\/td>\n<\/tr>\n<tr>\n<td>\n<p><figure id=\"attachment_1548\" aria-describedby=\"caption-attachment-1548\" style=\"width: 290px\" class=\"wp-caption alignnone\"><a href=\"http:\/\/www.chemins-chouettes.ch\/wp-content\/uploads\/2016\/11\/CC-balade-4-non-revetue.png\" target=\"_blank\"><img loading=\"lazy\" decoding=\"async\" class=\"wp-image-1548 size-medium\" title=\"Cliquez sur les cartes pour les agrandir.\" src=\"http:\/\/www.chemins-chouettes.ch\/wp-content\/uploads\/2016\/11\/CC-balade-4-non-revetue-300x300.png\" width=\"300\" height=\"300\" srcset=\"https:\/\/www.chemins-chouettes.ch\/wp-content\/uploads\/2016\/11\/CC-balade-4-non-revetue-300x300.png 300w, https:\/\/www.chemins-chouettes.ch\/wp-content\/uploads\/2016\/11\/CC-balade-4-non-revetue-150x150.png 150w, https:\/\/www.chemins-chouettes.ch\/wp-content\/uploads\/2016\/11\/CC-balade-4-non-revetue-768x768.png 768w, https:\/\/www.chemins-chouettes.ch\/wp-content\/uploads\/2016\/11\/CC-balade-4-non-revetue.png 886w\" sizes=\"auto, (max-width: 300px) 100vw, 300px\" \/><\/a><figcaption id=\"caption-attachment-1548\" class=\"wp-caption-text\">Balade 4 \u2013 La lisi\u00e8re<\/figcaption><\/figure><\/td>\n<td>\n<p><figure id=\"attachment_1549\" aria-describedby=\"caption-attachment-1549\" style=\"width: 290px\" class=\"wp-caption alignnone\"><a href=\"http:\/\/www.chemins-chouettes.ch\/wp-content\/uploads\/2016\/11\/CC-balade-5-non-revetue.png\" target=\"_blank\"><img loading=\"lazy\" decoding=\"async\" class=\"wp-image-1549 size-medium\" title=\"Cliquez sur les cartes pour les agrandir.\" src=\"http:\/\/www.chemins-chouettes.ch\/wp-content\/uploads\/2016\/11\/CC-balade-5-non-revetue-300x300.png\" width=\"300\" height=\"300\" srcset=\"https:\/\/www.chemins-chouettes.ch\/wp-content\/uploads\/2016\/11\/CC-balade-5-non-revetue-300x300.png 300w, https:\/\/www.chemins-chouettes.ch\/wp-content\/uploads\/2016\/11\/CC-balade-5-non-revetue-150x150.png 150w, https:\/\/www.chemins-chouettes.ch\/wp-content\/uploads\/2016\/11\/CC-balade-5-non-revetue-768x768.png 768w, https:\/\/www.chemins-chouettes.ch\/wp-content\/uploads\/2016\/11\/CC-balade-5-non-revetue.png 886w\" sizes=\"auto, (max-width: 300px) 100vw, 300px\" \/><\/a><figcaption id=\"caption-attachment-1549\" class=\"wp-caption-text\">Balade 5 \u2013 Par la Rincieure<\/figcaption><\/figure><\/td>\n<td>\n<p><figure id=\"attachment_1550\" aria-describedby=\"caption-attachment-1550\" style=\"width: 290px\" class=\"wp-caption alignnone\"><a href=\"http:\/\/www.chemins-chouettes.ch\/wp-content\/uploads\/2016\/11\/CC-balade-6-non-revetue.png\" target=\"_blank\"><img loading=\"lazy\" decoding=\"async\" class=\"wp-image-1550 size-medium\" title=\"Cliquez sur les cartes pour les agrandir.\" src=\"http:\/\/www.chemins-chouettes.ch\/wp-content\/uploads\/2016\/11\/CC-balade-6-non-revetue-300x300.png\" width=\"300\" height=\"300\" srcset=\"https:\/\/www.chemins-chouettes.ch\/wp-content\/uploads\/2016\/11\/CC-balade-6-non-revetue-300x300.png 300w, https:\/\/www.chemins-chouettes.ch\/wp-content\/uploads\/2016\/11\/CC-balade-6-non-revetue-150x150.png 150w, https:\/\/www.chemins-chouettes.ch\/wp-content\/uploads\/2016\/11\/CC-balade-6-non-revetue-768x768.png 768w, https:\/\/www.chemins-chouettes.ch\/wp-content\/uploads\/2016\/11\/CC-balade-6-non-revetue.png 886w\" sizes=\"auto, (max-width: 300px) 100vw, 300px\" \/><\/a><figcaption id=\"caption-attachment-1550\" class=\"wp-caption-text\">Balade 6 \u2013 Les cr\u00eates<\/figcaption><\/figure><\/td>\n<\/tr>\n<tr>\n<td><\/td>\n<td>\n<p><figure id=\"attachment_1551\" aria-describedby=\"caption-attachment-1551\" style=\"width: 290px\" class=\"wp-caption alignnone\"><a href=\"http:\/\/www.chemins-chouettes.ch\/wp-content\/uploads\/2016\/11\/CC-balade-7-non-revetue.png\" target=\"_blank\"><img loading=\"lazy\" decoding=\"async\" class=\"wp-image-1551 size-medium\" title=\"Cliquez sur les cartes pour les agrandir.\" src=\"http:\/\/www.chemins-chouettes.ch\/wp-content\/uploads\/2016\/11\/CC-balade-7-non-revetue-300x300.png\" width=\"300\" height=\"300\" srcset=\"https:\/\/www.chemins-chouettes.ch\/wp-content\/uploads\/2016\/11\/CC-balade-7-non-revetue-300x300.png 300w, https:\/\/www.chemins-chouettes.ch\/wp-content\/uploads\/2016\/11\/CC-balade-7-non-revetue-1024x1024.png 1024w, https:\/\/www.chemins-chouettes.ch\/wp-content\/uploads\/2016\/11\/CC-balade-7-non-revetue-150x150.png 150w, https:\/\/www.chemins-chouettes.ch\/wp-content\/uploads\/2016\/11\/CC-balade-7-non-revetue-768x768.png 768w, https:\/\/www.chemins-chouettes.ch\/wp-content\/uploads\/2016\/11\/CC-balade-7-non-revetue-1536x1536.png 1536w, https:\/\/www.chemins-chouettes.ch\/wp-content\/uploads\/2016\/11\/CC-balade-7-non-revetue.png 1772w\" sizes=\"auto, (max-width: 300px) 100vw, 300px\" \/><\/a><figcaption id=\"caption-attachment-1551\" class=\"wp-caption-text\">Balade 7 \u2013 Perspectives Sud-Ouest<\/figcaption><\/figure><\/td>\n<td><\/td>\n<\/tr>\n<\/tbody>\n<\/table>\n","protected":false},"excerpt":{"rendered":"<p>Pour satisfaire \u00e0 la demande de certains randonneurs, nous avons recens\u00e9 les sections des \u00ab\u00a0Chemins chouettes\u00a0\u00bb qui ne sont rev\u00eatues ni d\u2019enrob\u00e9s bitumineux, ni de b\u00e9ton. En\u00a0 vert clair , les sections non rev\u00eatues. En\u00a0 rouge , les autres. Cliquez sur les cartes pour les agrandir.<\/p>\n","protected":false},"author":2,"featured_media":0,"parent":38,"menu_order":0,"comment_status":"closed","ping_status":"closed","template":"","meta":{"generate_page_header":"","footnotes":""},"class_list":["post-1539","page","type-page","status-publish"],"_links":{"self":[{"href":"https:\/\/www.chemins-chouettes.ch\/index.php?rest_route=\/wp\/v2\/pages\/1539","targetHints":{"allow":["GET"]}}],"collection":[{"href":"https:\/\/www.chemins-chouettes.ch\/index.php?rest_route=\/wp\/v2\/pages"}],"about":[{"href":"https:\/\/www.chemins-chouettes.ch\/index.php?rest_route=\/wp\/v2\/types\/page"}],"author":[{"embeddable":true,"href":"https:\/\/www.chemins-chouettes.ch\/index.php?rest_route=\/wp\/v2\/users\/2"}],"replies":[{"embeddable":true,"href":"https:\/\/www.chemins-chouettes.ch\/index.php?rest_route=%2Fwp%2Fv2%2Fcomments&post=1539"}],"version-history":[{"count":0,"href":"https:\/\/www.chemins-chouettes.ch\/index.php?rest_route=\/wp\/v2\/pages\/1539\/revisions"}],"up":[{"embeddable":true,"href":"https:\/\/www.chemins-chouettes.ch\/index.php?rest_route=\/wp\/v2\/pages\/38"}],"wp:attachment":[{"href":"https:\/\/www.chemins-chouettes.ch\/index.php?rest_route=%2Fwp%2Fv2%2Fmedia&parent=1539"}],"curies":[{"name":"wp","href":"https:\/\/api.w.org\/{rel}","templated":true}]}}