{"id":2352,"date":"2020-10-01T14:59:20","date_gmt":"2020-10-01T13:59:20","guid":{"rendered":"http:\/\/www.chemins-chouettes.ch\/?page_id=2352"},"modified":"2020-10-01T15:00:51","modified_gmt":"2020-10-01T14:00:51","slug":"histoire","status":"publish","type":"page","link":"https:\/\/www.chemins-chouettes.ch\/?page_id=2352&lang=fr","title":{"rendered":"Histoire"},"content":{"rendered":"\n<h3 class=\"wp-block-heading\">Les Chemins chouettes: un type d\u2019itin\u00e9raires didactiques vou\u00e9s \u00e0 la d\u00e9couverte p\u00e9destre du patrimoine naturel et culturel du Val-de-Ruz, selon les principes de l\u2019\u00e9cotourisme.<\/h3>\n\n\n\n<p>R\u00e9alis\u00e9 progressivement \u00e0 partir de 2010, en collaboration entre diverses organisations et partenaires priv\u00e9s int\u00e9ress\u00e9s au d\u00e9veloppement r\u00e9gional, ce r\u00e9seau vise \u00e0 int\u00e9grer, dans la mesure du possible, tout ce que la r\u00e9gion pr\u00e9sente d\u2019int\u00e9ressant, et l\u2019ensemble des lieux d\u2019accueil et d\u2019h\u00e9bergement qu\u2019elle offre (auberges, caf\u00e9s-restaurants, h\u00f4tels, m\u00e9tairies, etc.) afin d\u2019optimiser leur attrait et leur fr\u00e9quentation gr\u00e2ce \u00e0 une promotion globale sous la forme de balades attrayantes. Contrairement aux sentiers \u00e0 th\u00e8me, les <strong>Chemins chouettes<\/strong> entendent valoriser globalement les multiples aspects (historiques, g\u00e9ographiques, biologiques, socio- \u00e9conomiques, architecturaux, etc.) d\u2019une portion de territoire, dans une approche \u00abguide-interpr\u00e8te du patrimoine\u00bb.<\/p>\n\n\n\n<p>Le concept se veut respectueux de l\u2019environnement, en utilisant prioritairement les itin\u00e9raires p\u00e9destres et les \u00e9l\u00e9ments de balisage et d\u2019information existants, mais en les \u00abf\u00e9d\u00e9rant\u00bb sous un label distinctif, et en recourant \u00e0 des supports d\u2019information compl\u00e9mentaires de petite dimension, dont l\u2019impact soit minimum sur le paysage, les objets pr\u00e9sent\u00e9s et les ressources en g\u00e9n\u00e9ral. Le <strong>dossier complet <\/strong>du concept des Chemins chouettes se trouve <a href=\"http:\/\/www.chemins-chouettes.ch\/wp-content\/uploads\/2016\/09\/EVR-Chemins-Chouettes.pdf\" target=\"_blank\" rel=\"noreferrer noopener\"><strong>ICI<\/strong><\/a><\/p>\n\n\n\n<p>Il veille en revanche \u00e0 ce que son label, tout en restant discret, garantisse un effet signal optimal de mani\u00e8re \u00e0 susciter l\u2019int\u00e9r\u00eat du public qui s\u2019y trouve confront\u00e9 par hasard et \u00e0 contribuer ainsi m\u00eame de cette mani\u00e8re \u00abpassive\u00bb et permanente, \u00e0 la promotion r\u00e9gionale. Cette formule plaisante est aussi tr\u00e8s polyvalente et \u00e9volutive. Elle s\u2019ouvre \u00e0 un tr\u00e8s large public et \u00e0 une gamme \u00e9tendue de propositions. Elle n\u2019entre en concurrence avec aucune offre existante ni avec les identit\u00e9s propres des partenaires qui s\u2019y associeront, mais en accro\u00eet les synergies. Elle peut int\u00e9grer, au fil du temps, de nouvelles offres, de nouveaux partenaires. Elle peut aussi, par la suite, \u00eatre adopt\u00e9e et adapt\u00e9e par d\u2019autres r\u00e9gions.<\/p>\n\n\n\n<p><strong>Porteurs du projet :<\/strong> Association Espace Val-de-Ruz Ecotourisme, Evologia, Association du Moulin de Bayerel, Association pour la sauvegarde du Seyon et de ses affluents (APSSA), Association pour la Sauvegarde des Peintures murales et la Restauration de l\u2019\u00c9glise d\u2019Engollon (ASPREE), Soci\u00e9t\u00e9 d\u2019\u00e9mulation de Valangin et Environs (SEVE), R\u00e9seau Urbain Neuch\u00e2telois (RUN).<br><strong>Groupe de travail :<\/strong> Fr\u00e9d\u00e9ric Cuche, Pierre-Ren\u00e9 Beljean, Monique Berlani-Matile, Pierre-Alain Berlani, Pierre-Andr\u00e9 Chautems, Fredy Gertsch, Daniel Henry, Michel-Henri Krebs, Alain Lugon, Charles Maurer, Corinne Nicaise Marcacci, Claire Wermeille<br><strong>Conception visuelle, verbale et technique :<\/strong> Adequa Communication \/ IdeKa Force d\u2019expression<br><strong>Cartographie :<\/strong> Annick B\u00e9guin<br><strong>Webmaster :<\/strong> Daniel Henry<\/p>\n","protected":false},"excerpt":{"rendered":"<p>Les Chemins chouettes: un type d\u2019itin\u00e9raires didactiques vou\u00e9s \u00e0 la d\u00e9couverte p\u00e9destre du patrimoine naturel et culturel du Val-de-Ruz, selon les principes de l\u2019\u00e9cotourisme. R\u00e9alis\u00e9 progressivement \u00e0 partir de 2010, en collaboration entre diverses organisations et partenaires priv\u00e9s int\u00e9ress\u00e9s au d\u00e9veloppement r\u00e9gional, ce r\u00e9seau vise \u00e0 int\u00e9grer, dans la mesure du possible, tout ce que &#8230; <a title=\"Histoire\" class=\"read-more\" href=\"https:\/\/www.chemins-chouettes.ch\/?page_id=2352&#038;lang=fr\" aria-label=\"En savoir plus sur Histoire\">Read more<\/a><\/p>\n","protected":false},"author":2,"featured_media":0,"parent":38,"menu_order":4,"comment_status":"closed","ping_status":"closed","template":"","meta":{"generate_page_header":"","footnotes":""},"class_list":["post-2352","page","type-page","status-publish"],"_links":{"self":[{"href":"https:\/\/www.chemins-chouettes.ch\/index.php?rest_route=\/wp\/v2\/pages\/2352","targetHints":{"allow":["GET"]}}],"collection":[{"href":"https:\/\/www.chemins-chouettes.ch\/index.php?rest_route=\/wp\/v2\/pages"}],"about":[{"href":"https:\/\/www.chemins-chouettes.ch\/index.php?rest_route=\/wp\/v2\/types\/page"}],"author":[{"embeddable":true,"href":"https:\/\/www.chemins-chouettes.ch\/index.php?rest_route=\/wp\/v2\/users\/2"}],"replies":[{"embeddable":true,"href":"https:\/\/www.chemins-chouettes.ch\/index.php?rest_route=%2Fwp%2Fv2%2Fcomments&post=2352"}],"version-history":[{"count":1,"href":"https:\/\/www.chemins-chouettes.ch\/index.php?rest_route=\/wp\/v2\/pages\/2352\/revisions"}],"predecessor-version":[{"id":2353,"href":"https:\/\/www.chemins-chouettes.ch\/index.php?rest_route=\/wp\/v2\/pages\/2352\/revisions\/2353"}],"up":[{"embeddable":true,"href":"https:\/\/www.chemins-chouettes.ch\/index.php?rest_route=\/wp\/v2\/pages\/38"}],"wp:attachment":[{"href":"https:\/\/www.chemins-chouettes.ch\/index.php?rest_route=%2Fwp%2Fv2%2Fmedia&parent=2352"}],"curies":[{"name":"wp","href":"https:\/\/api.w.org\/{rel}","templated":true}]}}